{"id":450,"date":"2024-02-14T14:37:07","date_gmt":"2024-02-14T13:37:07","guid":{"rendered":"https:\/\/lr-fahrzeugbau.de\/?page_id=450"},"modified":"2024-05-16T08:49:04","modified_gmt":"2024-05-16T06:49:04","slug":"nachhaltigkeit","status":"publish","type":"page","link":"https:\/\/lr-fahrzeugbau.de\/en\/ueber-uns\/nachhaltigkeit\/","title":{"rendered":"Sustainability"},"content":{"rendered":"<div class=\"wp-block-cover alignfull wp-duotone-unset-2\" style=\"min-height:700px;aspect-ratio:unset;\"><span aria-hidden=\"true\" class=\"wp-block-cover__background has-contrast-background-color has-background-dim-40 has-background-dim\"><\/span><img loading=\"lazy\" decoding=\"async\" width=\"1920\" height=\"1210\" class=\"wp-block-cover__image-background wp-image-1560\" alt=\"\" src=\"http:\/\/lr-fahrzeugbau.de\/wp-content\/uploads\/2024\/05\/solar-panels-2458717_1920.jpg\" style=\"object-position:53% 57%\" data-object-fit=\"cover\" data-object-position=\"53% 57%\" srcset=\"https:\/\/lr-fahrzeugbau.de\/wp-content\/uploads\/2024\/05\/solar-panels-2458717_1920.jpg 1920w, https:\/\/lr-fahrzeugbau.de\/wp-content\/uploads\/2024\/05\/solar-panels-2458717_1920-300x189.jpg 300w, https:\/\/lr-fahrzeugbau.de\/wp-content\/uploads\/2024\/05\/solar-panels-2458717_1920-1024x645.jpg 1024w, https:\/\/lr-fahrzeugbau.de\/wp-content\/uploads\/2024\/05\/solar-panels-2458717_1920-768x484.jpg 768w, https:\/\/lr-fahrzeugbau.de\/wp-content\/uploads\/2024\/05\/solar-panels-2458717_1920-1536x968.jpg 1536w\" sizes=\"auto, (max-width: 1920px) 100vw, 1920px\" \/><div class=\"wp-block-cover__inner-container has-global-padding is-layout-constrained wp-block-cover-is-layout-constrained\">\n<div class=\"wp-block-group alignwide has-global-padding is-layout-constrained wp-block-group-is-layout-constrained\">\n<h1 class=\"wp-block-heading has-text-align-center shadowtext has-base-color has-text-color has-link-color wp-elements-5ae7421de1751c2690d2b8157d5b02fa\">Sustainability<\/h1>\n\n\n\n<h3 class=\"wp-block-heading has-text-align-center shadowtext has-base-color has-text-color has-link-color wp-elements-3ad03f3d00ed71fdb99eba9597e98998\">Eine Selbstverst\u00e4ndlichkeit<\/h3>\n\n\n\n<div class=\"wp-block-group alignwide shadowtext is-vertical is-layout-flex wp-container-core-group-is-layout-fe9cc265 wp-block-group-is-layout-flex\">\n<div class=\"wp-block-group is-layout-flow wp-block-group-is-layout-flow\" style=\"border-radius:18px;padding-top:var(--wp--preset--spacing--10);padding-right:var(--wp--preset--spacing--20);padding-bottom:var(--wp--preset--spacing--10);padding-left:var(--wp--preset--spacing--20)\">\n<p>Die drei Dimensionen der Nachhaltigkeit \u2013 wirtschaftlich effizient, sozial gerecht, \u00f6kologisch tragf\u00e4hig \u2013 betrachten wir gleichberechtigt, um die globalen Ressourcen langfristig zu erhalten.<\/p>\n\n\n\n<p>F\u00fcr den Erfolg von Nachhaltigkeitsinitiativen ist die Einbindung aller unserer Mitarbeiter in die CO2-Reduktionsbem\u00fchungen von entscheidender Bedeutung. Die Nutzung der kollektiven Kraft eines Teams f\u00fchrt zu gr\u00f6\u00dferer Wirkung und f\u00f6rdert gleichzeitig Zielstrebigkeit und Kameradschaft unter den Mitarbeitern.<\/p>\n\n\n\n<p>Wir schonen unsere Umwelt und haben Energiesparma\u00dfnahmen etabliert, reduzieren den Wasserverbrauch und Nutzen die Ressourcen achtsam. Im Wasserverbrauch achten wir auf eine Kreislaufwirtschaft. Wir tragen Vorsorge, um eine Umweltverschmutzung zu vermeiden.<\/p>\n\n\n\n<p>Gleichbehandlung und Chancengleichheit, vern\u00fcnftige Arbeitsbedingungen und Achtung der Menschenrechte ist f\u00fcr uns ein Selbstverst\u00e4ndnis.<\/p>\n\n\n\n<p>Wir legen besonderen Wert auf unsere Unternehmensethik, Unternehmenskultur und faire Gesch\u00e4ftsbeziehungen, die wir auf unsere Lieferanten \u00fcbertragen.<\/p>\n<\/div>\n<\/div>\n\n\n\n<div class=\"wp-block-group has-global-padding is-layout-constrained wp-block-group-is-layout-constrained\">\n<div class=\"wp-block-file aligncenter\"><a href=\"http:\/\/lr-fahrzeugbau.de\/wp-content\/uploads\/2024\/02\/Nachhaltigkeit.pdf\" class=\"wp-block-file__button wp-element-button\" download>Herunterladen<\/a><\/div>\n<\/div>\n<\/div>\n<\/div><\/div>","protected":false},"excerpt":{"rendered":"","protected":false},"author":1,"featured_media":0,"parent":363,"menu_order":0,"comment_status":"closed","ping_status":"closed","template":"page-no-title","meta":{"_coblocks_attr":"","_coblocks_dimensions":"","_coblocks_responsive_height":"","_coblocks_accordion_ie_support":"","footnotes":""},"class_list":["post-450","page","type-page","status-publish","hentry"],"_links":{"self":[{"href":"https:\/\/lr-fahrzeugbau.de\/en\/wp-json\/wp\/v2\/pages\/450","targetHints":{"allow":["GET"]}}],"collection":[{"href":"https:\/\/lr-fahrzeugbau.de\/en\/wp-json\/wp\/v2\/pages"}],"about":[{"href":"https:\/\/lr-fahrzeugbau.de\/en\/wp-json\/wp\/v2\/types\/page"}],"author":[{"embeddable":true,"href":"https:\/\/lr-fahrzeugbau.de\/en\/wp-json\/wp\/v2\/users\/1"}],"replies":[{"embeddable":true,"href":"https:\/\/lr-fahrzeugbau.de\/en\/wp-json\/wp\/v2\/comments?post=450"}],"version-history":[{"count":42,"href":"https:\/\/lr-fahrzeugbau.de\/en\/wp-json\/wp\/v2\/pages\/450\/revisions"}],"predecessor-version":[{"id":1580,"href":"https:\/\/lr-fahrzeugbau.de\/en\/wp-json\/wp\/v2\/pages\/450\/revisions\/1580"}],"up":[{"embeddable":true,"href":"https:\/\/lr-fahrzeugbau.de\/en\/wp-json\/wp\/v2\/pages\/363"}],"wp:attachment":[{"href":"https:\/\/lr-fahrzeugbau.de\/en\/wp-json\/wp\/v2\/media?parent=450"}],"curies":[{"name":"wp","href":"https:\/\/api.w.org\/{rel}","templated":true}]}}

<div class="wp-block-cover alignfull wp-duotone-unset-2" style="min-height:700px;aspect-ratio:unset;"><span aria-hidden="true" class="wp-block-cover__background has-contrast-background-color has-background-dim-40 has-background-dim"></span><img loading="lazy" decoding="async" width="1920" height="1210" class="wp-block-cover__image-background wp-image-1560" alt="" src="http://lr-fahrzeugbau.de/wp-content/uploads/2024/05/solar-panels-2458717_1920.jpg" style="object-position:53% 57%" data-object-fit="cover" data-object-position="53% 57%" srcset="https://lr-fahrzeugbau.de/wp-content/uploads/2024/05/solar-panels-2458717_1920.jpg 1920w, https://lr-fahrzeugbau.de/wp-content/uploads/2024/05/solar-panels-2458717_1920-300x189.jpg 300w, https://lr-fahrzeugbau.de/wp-content/uploads/2024/05/solar-panels-2458717_1920-1024x645.jpg 1024w, https://lr-fahrzeugbau.de/wp-content/uploads/2024/05/solar-panels-2458717_1920-768x484.jpg 768w, https://lr-fahrzeugbau.de/wp-content/uploads/2024/05/solar-panels-2458717_1920-1536x968.jpg 1536w" sizes="auto, (max-width: 1920px) 100vw, 1920px" /><div class="wp-block-cover__inner-container has-global-padding is-layout-constrained wp-block-cover-is-layout-constrained">
<div class="wp-block-group alignwide has-global-padding is-layout-constrained wp-block-group-is-layout-constrained">
<h1 class="wp-block-heading has-text-align-center shadowtext has-base-color has-text-color has-link-color wp-elements-5ae7421de1751c2690d2b8157d5b02fa">Sustainability</h1>



<h3 class="wp-block-heading has-text-align-center shadowtext has-base-color has-text-color has-link-color wp-elements-3ad03f3d00ed71fdb99eba9597e98998">Eine Selbstverständlichkeit</h3>



<div class="wp-block-group alignwide shadowtext is-vertical is-layout-flex wp-container-core-group-is-layout-fe9cc265 wp-block-group-is-layout-flex">
<div class="wp-block-group is-layout-flow wp-block-group-is-layout-flow" style="border-radius:18px;padding-top:var(--wp--preset--spacing--10);padding-right:var(--wp--preset--spacing--20);padding-bottom:var(--wp--preset--spacing--10);padding-left:var(--wp--preset--spacing--20)">
<p>Die drei Dimensionen der Nachhaltigkeit – wirtschaftlich effizient, sozial gerecht, ökologisch tragfähig – betrachten wir gleichberechtigt, um die globalen Ressourcen langfristig zu erhalten.</p>



<p>Für den Erfolg von Nachhaltigkeitsinitiativen ist die Einbindung aller unserer Mitarbeiter in die CO2-Reduktionsbemühungen von entscheidender Bedeutung. Die Nutzung der kollektiven Kraft eines Teams führt zu größerer Wirkung und fördert gleichzeitig Zielstrebigkeit und Kameradschaft unter den Mitarbeitern.</p>



<p>Wir schonen unsere Umwelt und haben Energiesparmaßnahmen etabliert, reduzieren den Wasserverbrauch und Nutzen die Ressourcen achtsam. Im Wasserverbrauch achten wir auf eine Kreislaufwirtschaft. Wir tragen Vorsorge, um eine Umweltverschmutzung zu vermeiden.</p>



<p>Gleichbehandlung und Chancengleichheit, vernünftige Arbeitsbedingungen und Achtung der Menschenrechte ist für uns ein Selbstverständnis.</p>



<p>Wir legen besonderen Wert auf unsere Unternehmensethik, Unternehmenskultur und faire Geschäftsbeziehungen, die wir auf unsere Lieferanten übertragen.</p>
</div>
</div>



<div class="wp-block-group has-global-padding is-layout-constrained wp-block-group-is-layout-constrained">
<div class="wp-block-file aligncenter"><a href="http://lr-fahrzeugbau.de/wp-content/uploads/2024/02/Nachhaltigkeit.pdf" class="wp-block-file__button wp-element-button" download>Herunterladen</a></div>
</div>
</div>
</div></div>
